{"id":12,"date":"2013-02-06T11:35:46","date_gmt":"2013-02-06T11:35:46","guid":{"rendered":"http:\/\/d800fotos.wordpress.com\/?page_id=12"},"modified":"2013-02-06T11:35:46","modified_gmt":"2013-02-06T11:35:46","slug":"meine-fotos","status":"publish","type":"page","link":"https:\/\/blog.d80fotos.de\/?page_id=12","title":{"rendered":"Meine Fotos"},"content":{"rendered":"<p>Besuchen Sie auch meine Fotoseite: <a title=\"Meine Fotos\" href=\"http:\/\/www.800fotos.de\" target=\"_blank\" rel=\"noopener\">www.d800fotos.de<\/a><\/p>\n<p>Hier zeige ich in einer Fotogalerie neue und neu bearbeitete Bilder.<\/p>\n<p>Die Welt durch den Sucher betrachten und den Moment bannen: faszinierend und immer sehr pers\u00f6nlich.<\/p>\n<p>Das ist nur lustvoll und befriedigend im Ergebnis wenn die Technik stimmt. Die ersten Fotos sind mit der Nikon D80 gemacht, dann bin ich auf die D300s umgestiegen, aber der endg\u00fcltige Durchbruch f\u00fcr digitale Fotografie kam mit dem Umstieg auf die Vollformatkamera D800. Erst damit konnte ich wieder die Fotos wie mit der filmbasierten Spiegelreflexkamera machen. Nat\u00fcrlich kann man mit allen Kameras technisch einwandfreie Fotos machen. Gute Fotos &#8211; k\u00fcnstlerische Fotos entstehen, wenn man denn fotografieren kann. Sonst n\u00fctzt die tolle Kamera auch nichts.<\/p>\n<p>&#8222;If your pictures aren\u2019t good enough, you\u2019re not close enough.\u201c (Wenn Deine Bilder nicht gut genug sind, dann bist Du nicht nah genug&#8220;. Ein Zitat, das Robert Capa zugeschrieben wird. Er war immer nahe dran und starb durch eine Tretmine in Korea.)<\/p>\n","protected":false},"excerpt":{"rendered":"<p>Besuchen Sie auch meine Fotoseite: www.d800fotos.de Hier zeige ich in einer Fotogalerie neue und neu bearbeitete Bilder. Die Welt durch den Sucher betrachten und den Moment bannen: faszinierend und immer sehr pers\u00f6nlich. Das ist nur lustvoll und befriedigend im Ergebnis &hellip; <a href=\"https:\/\/blog.d80fotos.de\/?page_id=12\">Weiterlesen <span class=\"meta-nav\">&rarr;<\/span><\/a><\/p>\n","protected":false},"author":2,"featured_media":0,"parent":0,"menu_order":0,"comment_status":"open","ping_status":"closed","template":"","meta":{"_bbp_topic_count":0,"_bbp_reply_count":0,"_bbp_total_topic_count":0,"_bbp_total_reply_count":0,"_bbp_voice_count":0,"_bbp_anonymous_reply_count":0,"_bbp_topic_count_hidden":0,"_bbp_reply_count_hidden":0,"_bbp_forum_subforum_count":0,"footnotes":""},"class_list":["post-12","page","type-page","status-publish","hentry"],"_links":{"self":[{"href":"https:\/\/blog.d80fotos.de\/index.php?rest_route=\/wp\/v2\/pages\/12","targetHints":{"allow":["GET"]}}],"collection":[{"href":"https:\/\/blog.d80fotos.de\/index.php?rest_route=\/wp\/v2\/pages"}],"about":[{"href":"https:\/\/blog.d80fotos.de\/index.php?rest_route=\/wp\/v2\/types\/page"}],"author":[{"embeddable":true,"href":"https:\/\/blog.d80fotos.de\/index.php?rest_route=\/wp\/v2\/users\/2"}],"replies":[{"embeddable":true,"href":"https:\/\/blog.d80fotos.de\/index.php?rest_route=%2Fwp%2Fv2%2Fcomments&post=12"}],"version-history":[{"count":0,"href":"https:\/\/blog.d80fotos.de\/index.php?rest_route=\/wp\/v2\/pages\/12\/revisions"}],"wp:attachment":[{"href":"https:\/\/blog.d80fotos.de\/index.php?rest_route=%2Fwp%2Fv2%2Fmedia&parent=12"}],"curies":[{"name":"wp","href":"https:\/\/api.w.org\/{rel}","templated":true}]}}